u + 5. Let j be d(3). Let v = -341 + j. Let b = v - 235. What are the prime factors of b?
107
Suppose 80*z - 312837 = 59*z. What are the prime factors of z?
14897
Let j(v) be the second derivative of 91*v**4/24 + 3*v**3 - 29*v**2/2 + 4*v - 3. Let b(m) be the first derivative of j(m). List the prime factors of b(3).
3, 97
Suppose -4*z - 12 = 0, 0*z - z = 4*n - 645. Suppose 416 = 17*k - n. What are the prime factors of k?
2, 17
Let s(m) be the first derivative of m**2/2 - 29*m + 31. Let l be s(15). Let p(f) = -f + 14. What are the prime factors of p(l)?
2, 7
Suppose 224332 = 27*i + 7*i. List the prime factors of i.
2, 3299
Let q(b) be the second derivative of b**3/2 + 17*b**2 + 15*b. Let w be q(-8). What are the prime factors of (195/w)/(0 - 1/(-2))?
3, 13
Suppose -u = -2*s - 26, -3*s + 3 - 36 = -3*u. Let v be (s*(-42)/18)/(2/16). Suppose -6*c - v = -16*c. What are the prime factors of c?
2, 7
Let y(m) = -3*m**3 - 38*m**2 + 364*m - 4. What are the prime factors of y(-25)?
7, 2003
Suppose 7058 = 2*h - 54910. List the prime factors of h.
2, 3, 1291
Suppose n = -561*i + 557*i + 48, -2*n = 2*i - 120. List the prime factors of n.
2
Suppose -2*s = 26575 - 27727. What are the prime factors of s?
2, 3
Let a = -2029 - -22253. List the prime factors of a.
2, 79
Let b(w) = -10*w - 9. Let p be b(-1). Let c(u) = 447*u + 9. What are the prime factors of c(p)?
2, 3, 19
Let a = -3294 + 27449. List the prime factors of a.
5, 4831
List the prime factors of -137*-744*22/44.
2, 3, 31, 137
Let t be (-21)/(-18)*-21*-108 - -2. Suppose t = 34*j - 32*j. List the prime factors of j.
2, 331
Suppose 0 = -4*u + 3*z + 3578, 2*z = 41*u - 36*u - 4469. List the prime factors of u.
19, 47
Suppose t - 17 = 4*k, 5*t - 3*k + 4 = 38. Let d(w) = 4*w**3 + 3*w**2 - 20*w - 12. List the prime factors of d(t).
463
Suppose -3*m + 33200 = 5*d, 4*m = 7*d - 3*d + 44320. List the prime factors of m.
5, 443
Let r(i) = i**2 + 17*i + 60. Let g be r(-5). Suppose -5*m + 10*m + 4635 = 5*o, g = -o - 4*m + 942. What are the prime factors of o?
2, 3, 5, 31
Let h(c) = 3*c**3 + 3*c**2 + c + 8. Let z be h(-2). Let y(i) = -4*i**3 - 6*i**2 - 7*i - 5. List the prime factors of y(z).
5, 137
Suppose -78*u + 2833550 = -2156812. List the prime factors of u.
137, 467
Let c = -391 - -492. Suppose 2552 = 105*q - c*q. List the prime factors of q.
2, 11, 29
Let t(o) = -49*o - 15. Let j be t(9). Let u = j + 538. What are the prime factors of u?
2, 41
Let f be ((-6)/(6/(-7)))/(1/60). Let z = f + -209. Suppose -40 = u - z. What are the prime factors of u?
3, 19
Let m(y) be the third derivative of 2*y**5/15 - 7*y**4/24 + 3*y**3/2 + 17*y**2. Let a be m(3). List the prime factors of 12/3 + -8 + a.
2, 7
Suppose 0 = l - 3*x - 254, 0*l + 4*x + 258 = l. Suppose 0 = -4*o - 2*c + 400, -5*o + 252 = 4*c - l. List the prime factors of o.
2, 3, 17
What are the prime factors of (-33)/22 - ((-28299780)/24)/15?
3, 26203
Let p be (-39)/(-52) - 134/8. What are the prime factors of (p/(-6))/(6/288)?
2
Suppose -3*h - 10*k = -12*k - 23826, -39720 = -5*h + 5*k. What are the prime factors of h?
2, 3, 7
Suppose -32*k = -33*k + 16417. What are the prime factors of k?
16417
List the prime factors of (248/40 + -2 - 5)*-80880.
2, 3, 337
Let m(j) = 2*j**2 - 44*j + 2. Let z be m(22). List the prime factors of 5986/4 + 5/z.
1499
Let x(j) = 158*j - 1. Let l(w) = -w**3 + 2*w**2 + 7*w + 8. Let v be l(4). What are the prime factors of x(v)?
631
Let l = -16231 + 24113. List the prime factors of l.
2, 7, 563
Let h = -2082 - -2131. List the prime factors of h.
7
Let x be 78/30 + ((-9)/(-5))/(-3). Let z be (4 + -9 + 7)/(x/58). Let p = z - 29. What are the prime factors of p?
29
List the prime factors of (1 + -15)*(-48)/84.
2
Let p(d) be the second derivative of -d**4/12 + 37*d**3/6 - 7*d**2/2 - 11*d. Let l(q) be the first derivative of p(q). What are the prime factors of l(-15)?
67
Let p(x) = -x**3 - 13*x**2 - 18*x + 47. Let w be p(-11). Let d(t) = 70*t - 76. What are the prime factors of d(w)?
2, 67
Let q(g) = g + 326. Suppose -j + 15*j = 7*j. What are the prime factors of q(j)?
2, 163
Let n(y) = 40*y + 240. Let l be n(-6). Suppose l = -2*v + 6*v - 5*t - 2109, 5*v - 2595 = -2*t. List the prime factors of v.
521
Let o = 143875 + -91606. What are the prime factors of o?
3, 7, 19, 131
Let j(m) be the first derivative of 2/3*m**3 + 8 - 11*m - 2*m**2. List the prime factors of j(6).
37
Suppose 31*l = -89*l + 6353968 + 1436072. List the prime factors of l.
3, 7213
Let i(n) = 35*n**2 + 39*n + 947. What are the prime factors of i(50)?
90397
Suppose 9*g = -757 + 4825. Let r = -365 + g. What are the prime factors of r?
3, 29
List the prime factors of ((-17395250)/(-51))/(-25)*(-3)/2.
5, 4093
Suppose 28*k = 33*k - 5, s = 3*k + 6279. What are the prime factors of s?
2, 3, 349
What are the prime factors of (24/10)/((-2224)/(-753380))?
3, 271
Let b(y) = -19*y**2 - 4*y + 38. Let q(d) = -12*d**2 - 3*d + 25. Let h(v) = -5*b(v) + 7*q(v). List the prime factors of h(-5).
5, 53
Let u be (-484164)/(-1 - 2)*-1. List the prime factors of u/(-150) - ((-27)/25 - -1).
2, 269
Suppose -6*j - 153 = -153. Suppose -12*o - 21*o + 7788 = j. List the prime factors of o.
2, 59
Let r(o) = o**3 + 12*o**2 + 32*o - 35. What are the prime factors of r(18)?
31, 331
Let n be ((-281)/5)/((-15)/75). Suppose -c + n = 192. What are the prime factors of c?
89
Let i(p) = 97*p**3 + 90*p**2 + 20*p + 14. List the prime factors of i(5).
14489
Let n(h) = -482*h + 150. List the prime factors of n(-6).
2, 3, 13
Let g be ((-2)/2 + -1)*(9 + -75). Suppose 4*z + 4*b = 268, -b = 2*z + 2*b - g. What are the prime factors of -1 - 3*z/(-3)?
2, 17
Let j = 25865 + -16100. List the prime factors of j.
3, 5, 7, 31
Let m(t) = 257*t**2 + 57*t - 2. What are the prime factors of m(11)?
2, 3, 17, 311
Let o = 679 - 675. Suppose o*w + 920 - 5416 = 0. List the prime factors of w.
2, 281
Let h be 0/5*(0 - -1)*-1. Suppose -k - 1806 = -5*q, 3*q - 1081 = -h*q - 2*k. What are the prime factors of q?
19
Let f(w) = w**2 + 17*w - 13. Let k = -121 + 103. Let i be f(k). Suppose i*a + 4*m + 0*m = 849, 5*a + 3*m - 848 = 0. What are the prime factors of a?
13
Let f be ((2 + -2)/2)/3. Suppose f = -12*z + 10*z + 556. Suppose z + 91 = 3*i. What are the prime factors of i?
3, 41
Let i(a) = -a**3 - 5*a**2 - 3*a + 2. Let s be i(-2). What are the prime factors of (s + -7)*-65 - 1?
2, 3, 7, 17
Let c = 72160 - 23235. List the prime factors of c.
5, 19, 103
Let i(j) = 63*j - 30. Let p be i(19). Let k = p - 290. What are the prime factors of k?
877
Let a = 592 + -545. Suppose a*r = 26*r + 13209. What are the prime factors of r?
17, 37
Suppose -u + 16 = 4*n - 325, -4*u - 4*n + 1304 = 0. Suppose -m = 3*m. Suppose -5*d + u = p - 19, m = d + p - 68. What are the prime factors of d?
2, 17
Suppose 3*z - 5*g = 122070, 4*z - 37*g + 38*g - 162783 = 0. List the prime factors of z.
3, 5, 2713
Let a be (-2)/((6/9)/(-1)) - 9. List the prime factors of 280 - a/(-3)*1.
2, 139
Let h be (607/(-2))/((-4)/8). Let i(f) = -2 + h*f - 2*f**2 - 136*f**3 + 2 - 1 - 609*f. What are the prime factors of i(-1)?
3, 5
Suppose -2*x + 13 = 2*h - h, -3*h + 15 = 0. Let a be (-2)/x + 25/10. Suppose 0 = g + t - 116, -5*g + 2*t + a*t + 544 = 0. What are the prime factors of g?
2, 7
Let d(b) = -b**2 + 7*b + 59. Let z be d(0). Let j = 108 + z. What are the prime factors of j?
167
Let t be 358 - (1 + -8) - 7. Suppose -t*d = -356*d - 1678. List the prime factors of d.
839
Suppose 0 = 3*u + 2*l - 73689, 0 = 5*u + 4*l - 3*l - 122836. What are the prime factors of u?
79, 311
Suppose -60*b + 482187 = 37*b. List the prime factors of b.
3, 1657
Suppose -5*o = 217 - 172. List the prime factors of 46/207 - 6235/o.
3, 7, 11
Let n be 2/(-1)*20/(-8). Let v(r) = 7*r**2 + 2*r - 1. Let w be v(3). Suppose -n*j + 182 = -w. What are the prime factors of j?
2, 5
Let h(m) = 3*m + 15. Let b be h(-3). Let j be (-16)/12*(b/(-4) - 0). Suppose r + 3*r - j*d - 506 = 0, -3*r + 392 = -4*d. List the prime factors of r.
2, 31
Let f be 1/(-5) - 80/(-25). Suppose -f = -j - 5*h + 11, j = 2*h. Suppose -4*y + j*k + 129 = -259, -3*y - 3*k = -321. What are the prime factors of y?
2, 3, 17
List the prime factors of ((-17880)/24)/(2 - 21/9).
3, 5, 149
Let n(i) = -21*i**3 - 11*i**2 + 2*i + 33. List the prime factors of n(-9).
3,